In base 9, what is -11 + -1444?
-1455
In base 11, what is 5 - -1130a8?
113102
In base 12, what is 1929a + -4?
19296
In base 4, what is 23231021 + -1031?
23223330
In base 15, what is 7434 + -5?
742e
In base 10, what is -73 + 830?
757
In base 5, what is 33 - 24213?
-24130
In base 3, what is -20100210 - 10?
-20100220
In base 16, what is 12 + 3726?
3738
In base 5, what is 2 - -1131024?
1131031
In base 5, what is -241 + -1340?
-2131
In base 2, what is 1111110001010 + 110?
1111110010000
In base 16, what is -1f90 - -11?
-1f7f
In base 5, what is 223 - 1110?
-332
In base 6, what is 112051 - -5?
112100
In base 12, what is 394 + -a8?
2a8
In base 16, what is -38 - -1ac?
174
In base 4, what is -13 + 21031310?
21031231
In base 10, what is 1780 + -78?
1702
In base 4, what is 3303111303 + 1?
3303111310
In base 12, what is 10ba + 1?
10bb
In base 14, what is 0 + d3d5?
d3d5
In base 11, what is 2 - 75676?
-75674
In base 13, what is 4 + -471b?
-4717
In base 11, what is -15 + -107337?
-107351
In base 3, what is 0 + 121201212?
121201212
In base 5, what is 2444432 + 4?
2444441
In base 10, what is -103153 + -7?
-103160
In base 3, what is 1022020 - 11012201?
-2220111
In base 15, what is 14106 + -17?
140de
In base 12, what is -136401 + -2?
-136403
In base 3, what is 2111011 - 11202?
2022102
In base 15, what is 1811 + 56?
1867
In base 4, what is -3 - 101302100?
-101302103
In base 2, what is 1010011 + -1000001001?
-110110110
In base 9, what is 20650 + -17?
20632
In base 12, what is -77 + 5?
-72
In base 4, what is -100013111 - -1?
-100013110
In base 2, what is -110000011011101110 + 10?
-110000011011101100
In base 15, what is -2b1 - 89?
-34a
In base 4, what is -1011130 + 30?
-1011100
In base 12, what is -4 + -373377?
-37337b
In base 16, what is 3 + -2015?
-2012
In base 7, what is -1 + -431365?
-431366
In base 2, what is 111100100000001111 + -1?
111100100000001110
In base 8, what is -311 - 1421?
-1732
In base 12, what is -2 + 6b57?
6b55
In base 13, what is 103b - -870?
18ab
In base 3, what is 1 - -20200212?
20200220
In base 15, what is 68 - a58?
-9e0
In base 9, what is -104423 + -5?
-104428
In base 6, what is 1255 - 440?
415
In base 5, what is -1231 + 1101011?
1044230
In base 3, what is 1210 + 2010101001?
2010102211
In base 16, what is -a3 - -425?
382
In base 11, what is 10 - 17186?
-17176
In base 14, what is -17 + -184?
-19b
In base 7, what is -14 - 165440?
-165454
In base 2, what is 11010110010 - -11000011?
11101110101
In base 10, what is 1510 + -407?
1103
In base 8, what is -41105 - -6?
-41077
In base 11, what is 1 + 3a38?
3a39
In base 15, what is 3 + -1eeca?
-1eec7
In base 7, what is -12163650 + -4?
-12163654
In base 9, what is 10063 - 5?
10057
In base 13, what is -795a + 7?
-7953
In base 7, what is -1256 + -3351?
-4640
In base 11, what is -1023 + 72?
-a61
In base 4, what is 22 + 30211210?
30211232
In base 12, what is -3 - 9b45?
-9b48
In base 4, what is 13212 + -1032?
12120
In base 7, what is -126 + -611?
-1040
In base 6, what is 10 + -351502?
-351452
In base 13, what is -91b - -5ca?
-321
In base 4, what is 112210 + 12?
112222
In base 13, what is 2 + -31392?
-31390
In base 11, what is 10158 - -19?
10176
In base 16, what is 4 + 647?
64b
In base 4, what is -213213 - -10?
-213203
In base 3, what is 101021 + -210001?
-101210
In base 15, what is 9 - -1336?
1340
In base 7, what is -411 + -64?
-505
In base 2, what is -100111011011101001 - -1?
-100111011011101000
In base 11, what is -1243951 + 2?
-124394a
In base 7, what is 442141 + -1?
442140
In base 3, what is 21000222 + 122?
21001121
In base 15, what is -2 + -4e40?
-4e42
In base 2, what is 11000010 - -1001111000?
1100111010
In base 12, what is 598 - -596?
b72
In base 8, what is -1415163 + -4?
-1415167
In base 5, what is -21421422 - 2?
-21421424
In base 11, what is 7974 - 14?
7960
In base 14, what is 2b9 + -12?
2a7
In base 2, what is 101011001010 - -1111?
101011011001
In base 12, what is 2ab + -3077?
-2988
In base 15, what is 140da - -7?
140e2
In base 9, what is -286584 - -4?
-286580
In base 14, what is -1215 - c5?
-12da
In base 15, what is 153 + -6e?
d4
In base 15, what is c + c9a5?
c9b2
In base 16, what is -4a3 + -123?
-5c6
In base 14, what is 52524 + -4?
52520
In base 14, what is -1800a + -2?
-1800c
In base 2, what is -100000110110 - -100001?
-100000010101
In base 6, what is 101540 + -1?
101535
In base 11, what is -18220a - -5?
-182205
In base 7, what is -631 + 23266?
22335
In base 12, what is 12722b5 - -1?
12722b6
In base 15, what is 2da - 19?
2c1
In base 16, what is -363f + 1?
-363e
In base 8, what is -427036 - 1?
-427037
In base 14, what is 112a01 + 0?
112a01
In base 16, what is -456d - -4?
-4569
In base 5, what is 11001002 - 1?
11001001
In base 7, what is -1141 + -23252?
-24423
In base 16, what is 98 + 4982?
4a1a
In base 10, what is -3 + 28466?
28463
In base 14, what is -69 - -27707?
2767c
In base 15, what is 3ceb7 + 3?
3ceba
In base 15, what is -3 + -330d?
-3311
In base 12, what is -3a - 956?
-994
In base 7, what is 1 + -1661204?
-1661203
In base 15, what is 17d + 39a?
528
In base 14, what is aa22 - -1d?
aa41
In base 15, what is 4 + 1eb?
200
In base 4, what is 13230 + 10210?
30100
In base 9, what is 124 + -2004?
-1770
In base 4, what is 0 - 12222021?
-12222021
In base 3, what is -1121 - -102020?
100122
In base 4, what is 11 - 2322023222?
-2322023211
In base 4, what is -20 - -220222231?
220222211
In base 16, what is d7 - 261?
-18a
In base 8, what is -254046 + -5?
-254053
In base 6, what is 51 + 234313?
234404
In base 14, what is b + -3413?
-3406
In base 8, what is 3267 + 4?
3273
In base 13, what is -179 - 327?
-4a3
In base 11, what is -39941 - -5?
-39937
In base 15, what is 306d - 1?
306c
In base 7, what is 3326032 - -1?
3326033
In base 10, what is -5427 - -233?
-5194
In base 2, what is 10 - 1001111000110000100?
-1001111000110000010
In base 4, what is -23200 - -230?
-22310
In base 4, what is 3031210 + 2?
3031212
In base 6, what is 0 - -20512?
20512
In base 2, what is 10001110100100001 - 1?
10001110100100000
In base 14, what is -4 + 951a?
9516
In base 2, what is -1110 + -100110010101?
-100110100011
In base 9, what is 1063210 + -3?
1063206
In base 14, what is 3c6 - -89?
471
In base 2, what is 10110101011100000 + 100?
10110101011100100
In base 14, what is -6 + -29c9?
-29d1
In base 8, what is 1 - -21772?
21773
In base 13, what is -3 + -7c3c?
-7c42
In base 14, what is -8166 - -3?
-8163
In base 3, what is -220101120 - 11?
-220101201
In base 15, what is -90 + 64?
-2b
In base 4, what is -3 + -1103000?
-1103003
In base 5, what is 3001 - -2012?
10013
In base 11, what is -3 - 453532?
-453535
In base 10, what is 44 + -20553?
-20509
In base 15, what is -2497 - -13?
-2484
In base 8, what is 315 + 22021?
22336
In base 8, what is -3436 + 210?
-3226
In base 6, what is 242 + 14445?
15131
In base 8, what is -42 + 220534?
220472
In base 16, what is -44a3f - a?
-44a49
In base 10, what is 4 - -394084?
394088
In base 6, what is 235345 - -12?
235401
In base 10, what is 292582 - -5?
292587
In base 10, what is -3 - 15462?
-15465
In base 8, what is -6 - 46004?
-46012
In base 8, what is -54175 + -22?
-54217
In base 3, what is 1122122201 + 101?
1122200002
In base 11, what is -2 + -20985?
-20987
In base 11, what is 3035995 + -1?
3035994
In base 10, what is -50 + 5440?
5390
In base 12, what is -72 - -23a4?
2332
In base 14, what is -3cc97 + -4?
-3cc9b
In base 13, what is 2 - -2ab2?
2ab4
In base 15, what is 4 + 95d5a?
95d5e
In base 9, what is 0 - -12554?
12554
In base 15, what is -5 - 19e52?
-19e57
In base 15, what is -a5d3d + 4?
-a5d39
In base 5, what is 1303 + -2322?
-1014
In base 4, what is -12311001 + 102?
-12310233
In base 7, what is 14 - -161153?
161200
In base 7, what is -464401 - -3?
-464365
In base 10, what is 3 + 34791?
34794
In base 9, what is -65 + -22818?
-22884
In base 15, what is 3 - 1c445?
-1c442
In base 5, what is -4400203 - -12?
-4400141
In base 12, what is 4 - 34710?
-34708
In base 9, what is -15 - 1432?
-1447
In base 5, what is -23413 - 200?
-24113
In base 5, what is -121 - -342200?
342024
In base 16, what is 20 - -38e4?
3904
In base 5, what is 3 + 203431210?
203431213
In base 9, what is 10046 + -56?
8880
In base 2, what is 11001 - -1011110010?
1100001011
In base 3, what is 11221 - 11200202?
-11111211
In base 4, what is 21121 +